y - 2*y + 5*y**2 - y**3 - l + 3. What is the units digit of p(4)?
6
Let x be ((-18)/10 + 3)*5. What is the units digit of (-3 - 4/(-1)) + x?
7
Suppose -3*b = -2*b + 7. Let h(j) = j**3 + 7*j**2 - 5*j - 1. What is the units digit of h(b)?
4
Suppose -25 = -3*w + 176. Suppose -w = -4*o + 33. What is the units digit of o?
5
Let h(v) = v**3 - 3*v**2 - 4*v + 1. Let l be h(4). Let x(j) = -4*j**2 - 1. Let b be x(l). Let c(p) = -p**2 - 6*p - 1. What is the units digit of c(b)?
4
Suppose 5*u - 1275 = -5*i, 5*u + 0*i = i + 1257. Suppose 5*y - u = -57. What is the tens digit of y?
3
Let v(y) = -y**3 + 11*y**2 + 9. What is the units digit of v(11)?
9
Let x(i) = -28*i - 1. Let s be x(-2). Let o = s - 32. What is the units digit of o?
3
Let j be (-22)/(-121) + 70/(-22). What is the tens digit of (2 - j)/((-3)/(-9))?
1
Let r(z) = -3*z + 4. Let i be r(4). Let s(n) = -n**2 - 9*n + 10. What is the tens digit of s(i)?
1
Let w(x) = x**2 + x + 3. Let y be w(0). Let q(c) = 1 + 5*c**2 + c**2 + 5*c - 2*c**3 + y*c**3. What is the units digit of q(-5)?
1
Suppose 2*s - 5*k = -2*k + 93, -187 = -4*s + 5*k. Suppose -b + 17 = s. Let g = -17 - b. What is the units digit of g?
4
Let o = -3 - -11. What is the units digit of o?
8
Let o(h) = 2*h**2 - 9*h. Let c(p) = -p**2 - p + 1. Let q(u) = 3*c(u) + o(u). Let m be q(-11). Suppose g - m = -0. What is the tens digit of g?
1
Let p(l) = -l + 1. What is the tens digit of p(-10)?
1
Suppose 5 = 3*z - p - 2, -3*z - 4*p - 13 = 0. Suppose -2*l + 11 - z = 0. What is the units digit of l?
5
Suppose 3 = -0*o - o. Let k = o + 8. Let j = k - 0. What is the units digit of j?
5
Suppose 2*f - 20 = -3*f. What is the units digit of f?
4
Suppose 4*g + 0*w - 231 = 3*w, -3*g = w - 157. Suppose -28 = -2*v - z + 7, -z = 3*v - g. What is the tens digit of v?
1
Let o(t) = 5*t - 9. What is the tens digit of o(12)?
5
Suppose -g - 16 = -3*q + 53, -5*g - 57 = -3*q. Let f = q + -12. What is the tens digit of f?
1
Suppose -4*d + 4*a + 366 = -354, 0 = -2*d - 4*a + 348. What is the tens digit of d?
7
Suppose 0*h = 3*h - 24. Let j be 4*2/(-2)*-1. Let c = h - j. What is the units digit of c?
4
Suppose -2*h + 3*h + 5*r = -23, 5*r = -25. What is the units digit of ((-3)/h)/((-6)/32)?
8
Let u be (1 - -1) + (-7 - -8). Suppose 0 = -u*o - p - 186, -2*p = -5*o - 0*o - 299. What is the units digit of o/(-9) + (-14)/(-63)?
7
Let l(k) = k**3 - 10*k**2 + 28*k - 1. What is the tens digit of l(8)?
9
Let s = 8 + -6. Suppose -2*w - 16 = -4*b, -s*w - 2*w - 17 = -5*b. Suppose p = w*p + 2, 2*x = p + 24. What is the units digit of x?
1
Let j be -3 - 6*(-1)/2. Suppose -k - 5 = j, -41 + 10 = -4*d - 5*k. What is the units digit of d?
4
Let b = 53 - 24. What is the units digit of b?
9
Suppose -8 = p - 2*c - 34, 0 = -5*p - c + 97. What is the units digit of p?
0
Let b be (8/(-3))/(8/(-12)). Let o = -1 - -13. Suppose o - 36 = -b*p. What is the units digit of p?
6
Let q(i) = -i**2 + 13*i + 1. Let x(o) = o**2 - 14*o - 2. Let j(m) = 7*q(m) + 6*x(m). Let k = -6 - -12. What is the units digit of j(k)?
1
Let a(r) = -2*r. Let d be a(4). What is the units digit of 22/18 + d/36?
1
Let k be ((-2 + 3)*0)/(-1). Let m = -7 - -19. Suppose k = -o + 3*o - m. What is the units digit of o?
6
Let m be 34/8 + 1/(-4). Suppose 0 = -m*c + 3*c + 2. What is the units digit of c?
2
Let n(b) = -2*b + 3. Let q = -1 - -5. Suppose 8 = -f - 0*f + q*y, -2*y - 16 = 2*f. What is the units digit of n(f)?
9
Suppose 0 = -j + g + 78, -4*j + 314 - 8 = -2*g. What is the tens digit of j?
7
What is the units digit of (-2 - -14)*(-1)/(-2)?
6
Suppose -4*k = k. What is the tens digit of (-33 + k)*(-8)/24?
1
Suppose 0 = -8*y + 3*y + 10. Suppose y*m - 5*o - 52 = 0, 0 = -2*o - o - 12. What is the tens digit of m?
1
Suppose 5*w - 18 = 4*w. What is the units digit of w?
8
Suppose 2*i = -0*i + 10. Suppose i*b + 4*o = b + 36, b + 5*o = 5. What is the units digit of b?
0
Let b(n) = -n**3 + 20*n**2 - 38*n + 23. What is the tens digit of b(17)?
4
Suppose 4*v + v = -3*k - 109, -5*k = 4*v + 186. Suppose 0 = r - 2*l - 64, r - 4*r + 2*l + 180 = 0. Let j = r + k. What is the units digit of j?
0
Let l(k) be the first derivative of -k**2 - 1. What is the tens digit of l(-7)?
1
Let f(w) be the third derivative of -5/6*w**3 + 0 + 7/60*w**5 + 0*w - 1/120*w**6 + 4*w**2 + 5/12*w**4. What is the tens digit of f(8)?
1
What is the tens digit of (-1 + 46)*6/9?
3
Let z = -1 - -1. Let d = -2 - z. Let a(y) = y**2 - 3*y - 1. What is the units digit of a(d)?
9
Suppose -3*t + 44 - 14 = 0. Suppose g + 3*g = -5*j + 7, -2*j = -2*g - t. Suppose 0 = a - 5*p + 14, j*a - 2*p - 2*p = 13. What is the units digit of a?
1
What is the tens digit of 228/9 + (-3)/9?
2
Suppose 3*q - 10 = -5*v, 0 = 3*q - 4*q - 4*v + 8. Suppose 0 = -2*i - q*i + 2. What is the units digit of (-2)/(-4)*26 - i?
2
Let k = 19 - 14. Let w be -52*1*(-1)/2. Suppose -k*r - 6 = -w. What is the units digit of r?
4
Suppose -3*v = 2*v + 115. Let r = -14 - v. What is the units digit of r?
9
Suppose 0 = -5*q + 9 + 6. Suppose q*g = -g. Suppose -2*n = -d - 14, 7 + g = -n - 3*d. What is the units digit of n?
5
Let p(l) be the first derivative of -l**4/4 - 4*l**3/3 - l**2/2 - l + 2. Let y be p(-4). Suppose c - y*c + 12 = 0. What is the units digit of c?
6
Let f(v) = 4*v**2 - 7. What is the units digit of f(6)?
7
Suppose 4*w = -3*b - 8, 2*b + w + 1 = -1. Let q = -12 - -14. Suppose 0 = -q*d - b*d + 14. What is the units digit of d?
7
Suppose -3*a + a + 28 = 0. Let b(y) = y**3 - 14*y**2 + 3*y - 16. What is the units digit of b(a)?
6
Suppose -349 = -6*u + 1031. What is the units digit of u?
0
Suppose 5*x = 26 - 11. Suppose 4 = -x*y + 10. Suppose 4*u - y*d - 31 = -d, 2*u + 2*d = 18. What is the units digit of u?
8
Let o = -194 + 322. Suppose -3*b - 6 = -k + 10, 5*k - o = -b. What is the units digit of k?
5
What is the tens digit of (7 - -21)/(6/15)?
7
Let m(b) = -b**2 - 2*b + 2. Let i be m(-2). Suppose -5*q = u - 20, -q + 4*u - 7 = i*u. Let s = 8 + q. What is the tens digit of s?
1
Let s = -4 - -8. Suppose -s*b + 4 = -20. Let c = 8 - b. What is the units digit of c?
2
What is the hundreds digit of 780/48*(-1 + 9)?
1
Suppose -5*c + 3*u + 30 = 1, -3*c = u - 23. Let s = c + 3. What is the tens digit of s?
1
Suppose 3*c = 4 + 2. Suppose 0 = -m + c*m - 3. What is the units digit of m?
3
Let f be (-3)/(-6)*(-2 + 116). Suppose 5*b + 3*z - z - 133 = 0, 0 = 2*b - 3*z - f. What is the tens digit of b?
2
Let m(v) = -6*v - 1. What is the tens digit of m(-2)?
1
Let h be 2*(-3 - (3 + -5)). Let f(u) = 4*u**2 + 1. What is the tens digit of f(h)?
1
Suppose -2*t = -t - 5*d + 23, -5*t - 2*d = -20. Suppose -5*r + 1 = -j + 3, 5*r + 10 = 5*j. Suppose r = t*w - 4*w + 14. What is the units digit of w?
7
Let p be 1/(-1 - (-2 - -2)). What is the units digit of (-2 - p)/((-1)/4)?
4
Let s(u) = 118*u**3 + 2*u**2 + 2*u + 1. Let v be s(-1). What is the units digit of v/(-15) + (-1)/(-5)?
8
Let c = 4 - -25. Let d = 46 - c. What is the tens digit of d?
1
Let l(d) = 228*d - 6. What is the hundreds digit of l(1)?
2
Let b be (-2)/(-7) - 38/(-14). Suppose 2*c - b*x = 66, 0*x = 5*c + x - 131. Let s = c + -19. What is the units digit of s?
8
Suppose 3*q = -3*w + 18, -2*w + q = 2*q - 10. Suppose -w*g + 57 = -3*i, 4*i - 50 = -2*g - 16. Suppose f + 4*u = 17, g - 3 = 3*u. What is the units digit of f?
1
Suppose 3*r = -s - 10, 0 = 3*s - 5*s + 4*r + 30. Suppose -3*b - 2*v = -91, s*b - 4*b + v - 31 = 0. What is the units digit of b?
9
Let a = -41 + 50. What is the units digit of a?
9
Suppose 3*s = -4*u + 5 + 12, 4*u = 8. Suppose 2*b = -s*m - 2*m + 236, 0 = 4*m + 3*b - 186. What is the units digit of m?
8
What is the tens digit of 53 - (1/(-3))/(2/18)?
5
Let v = -67 - 14. Let q = -46 - v. What is the units digit of q?
5
Let g(f) = -18*f**3 - f. Let a be -1*(-4)/(-16)*4. What is the units digit of g(a)?
9
Let j be (-12)/((9/2)/(-3)). Suppose 4*f = j, 0*r - 5*r = 4*f - 43. What is the units digit of r?
7
Suppose 11*j = 121 + 2607. What is the tens digit of j?
4
Suppose 4*u = -2*t + 66, -1 - 8 = -3*t. Suppose s - 6*s + 160 = -3*k, u = 3*k. What is the units digit of s?
5
Suppose -3*s + 7 = -4*b, 2*b + b - 6 = 0. Suppose 0 = 5*x - c - 23, 0*c = -5*x - 5*c + s. What is the units digit of x?
4
Let a = 1 - -24. What is the units digit of a?
5
Suppose -2*y = -3*r + 52, -6